 of 56 and 14238?
14
Calculate the greatest common divisor of 247 and 160493.
19
What is the greatest common factor of 40 and 16810?
10
Calculate the greatest common factor of 19778 and 2266.
22
Calculate the greatest common factor of 193255 and 20.
5
What is the greatest common factor of 27086 and 58?
58
Calculate the greatest common divisor of 12 and 2042420.
4
Calculate the greatest common factor of 638 and 352.
22
Calculate the highest common divisor of 27325 and 100.
25
What is the highest common divisor of 705 and 2580?
15
What is the greatest common divisor of 105790 and 170?
10
Calculate the greatest common factor of 201 and 256677.
201
What is the highest common factor of 121150 and 150?
50
Calculate the highest common factor of 14 and 338202.
2
What is the highest common factor of 824 and 400567?
103
What is the highest common factor of 27200 and 408?
136
What is the greatest common factor of 17 and 164628?
17
Calculate the highest common divisor of 178736 and 256.
16
Calculate the greatest common divisor of 13408 and 11136.
32
What is the greatest common factor of 282933 and 13041?
567
Calculate the highest common divisor of 590270 and 5360.
670
What is the greatest common divisor of 48 and 118152?
24
What is the highest common factor of 9510 and 52980?
30
Calculate the highest common divisor of 2462950 and 1240.
310
Calculate the highest common divisor of 2863 and 157874.
409
What is the greatest common divisor of 8890 and 182?
14
What is the highest common divisor of 7169 and 321?
107
Calculate the highest common factor of 718 and 352538.
718
Calculate the greatest common factor of 54560 and 660.
220
Calculate the greatest common divisor of 2981 and 3146.
11
What is the highest common factor of 22791 and 13135?
71
Calculate the greatest common factor of 153 and 239088.
51
Calculate the greatest common factor of 3315 and 325.
65
Calculate the greatest common factor of 41955 and 1905.
15
What is the highest common factor of 90041 and 133?
133
Calculate the highest common divisor of 198 and 800298.
18
What is the highest common factor of 7768 and 40?
8
Calculate the highest common factor of 6253 and 5772.
481
Calculate the highest common divisor of 207452 and 12428.
956
What is the highest common divisor of 76455 and 9?
9
Calculate the greatest common divisor of 10250 and 310.
10
What is the greatest common factor of 25112 and 344?
344
What is the greatest common factor of 3451 and 13543?
29
What is the highest common factor of 101619 and 21?
21
What is the greatest common factor of 389408 and 39904?
1376
Calculate the greatest common divisor of 3441 and 1767.
93
What is the greatest common factor of 3630 and 2640?
330
What is the highest common factor of 3096 and 22016?
344
What is the highest common divisor of 86928 and 64?
16
Calculate the greatest common factor of 14103 and 9.
9
What is the highest common divisor of 144 and 123903?
9
What is the highest common factor of 360 and 123880?
40
What is the highest common factor of 345 and 152835?
345
Calculate the greatest common divisor of 562 and 146.
2
Calculate the greatest common factor of 356808 and 36.
12
Calculate the highest common divisor of 14181 and 2697.
87
Calculate the highest common divisor of 1817536 and 128.
64
Calculate the greatest common divisor of 45 and 237906.
9
What is the greatest common factor of 663 and 1071?
51
Calculate the highest common factor of 9 and 264267.
9
Calculate the greatest common factor of 28 and 169204.
28
What is the highest common factor of 7191 and 43095?
51
Calculate the highest common divisor of 1422 and 423.
9
Calculate the greatest common divisor of 256 and 2272.
32
Calculate the highest common divisor of 73151 and 9930.
331
Calculate the highest common factor of 15400 and 5940.
220
Calculate the highest common factor of 60 and 7734.
6
Calculate the highest common divisor of 13325 and 367975.
1025
Calculate the highest common factor of 1241 and 87839.
17
Calculate the highest common factor of 2112 and 311168.
704
Calculate the highest common divisor of 30972 and 409044.
1068
What is the greatest common divisor of 81 and 145962?
81
What is the highest common factor of 4448 and 1529?
139
Calculate the greatest common divisor of 12207 and 1443.
39
What is the highest common divisor of 23072 and 168?
56
What is the highest common factor of 1488 and 1418808?
744
What is the highest common factor of 4140 and 252816?
276
What is the greatest common divisor of 24 and 281064?
24
What is the highest common divisor of 9 and 1572552?
9
What is the greatest common factor of 776 and 640?
8
What is the highest common divisor of 3201 and 1056?
33
Calculate the greatest common divisor of 33303 and 105.
3
What is the greatest common divisor of 1344 and 3686016?
192
Calculate the greatest common factor of 1672 and 5415.
19
What is the highest common divisor of 183 and 83838?
3
Calculate the highest common divisor of 68 and 78404.
68
What is the highest common factor of 8284 and 931?
19
What is the greatest common factor of 430 and 62490?
10
Calculate the highest common factor of 550797 and 87.
87
What is the greatest common divisor of 3843 and 28609?
427
Calculate the highest common divisor of 226428 and 6.
6
Calculate the greatest common factor of 12 and 1269390.
6
Calculate the highest common divisor of 152 and 133361.
19
What is the highest common factor of 32703 and 1221?
33
What is the greatest common factor of 34 and 342278?
34
What is the highest common divisor of 2776 and 7287?
347
Calculate the highest common divisor of 220 and 13310.
110
What is the highest common factor of 5346 and 22842?
486
What is the highest common factor of 348 and 113709?
87
What is the greatest common factor of 442630 and 30?
10
Calculate the greatest common factor of 3931 and 13.
1
What is the highest common divisor of 25050 and 1050?
150
Calculate the highest common divisor of 2238 and 9534.
6
What is the highest common divisor of 11828 and 92?
4
What is the greatest common divisor of 53379 and 162?
81
Calculate the greatest common factor of 85176 and 238.
14
What is the greatest common divisor of 7040 and 66?
22
Calculate the highest common factor of 49675 and 25.
25
Calculate the greatest common divisor of 158926 and 458.
458
Calculate the greatest common divisor of 626 and 339605.
313
Calculate the highest common divisor of 538 and 1734.
2
Calculate the highest common factor of 285124 and 1428.
476
Calculate the highest common divisor of 259199 and 425.
17
Calculate the highest common factor of 1955 and 13915.
115
Calculate the greatest common factor of 807 and 693213.
807
Calculate the highest common divisor of 403 and 5952.
31
What is the highest common factor of 138 and 88458?
138
Calculate the greatest common factor of 583832 and 1472.
184
What is the greatest common divisor of 177148 and 670?
134
Calculate the greatest common divisor of 91 and 2157246.
91
Calculate the greatest common divisor of 22470 and 189.
21
Calculate the highest common divisor of 539640 and 140.
20
Calculate the greatest common factor of 151906 and 40240.
1006
Calculate the greatest common divisor of 7 and 156779.
7
Calculate the highest common divisor of 66318 and 42.
42
Calculate the highest common divisor of 10368 and 11340.
324
What is the highest common factor of 340 and 49895?
85
What is the greatest common divisor of 28 and 256?
4
What is the greatest common divisor of 44 and 79244?
44
What is the highest common factor of 198 and 1892?
22
Calculate the greatest common divisor of 396 and 7775988.
132
What is the greatest common factor of 118 and 30?
2
Calculate the highest common divisor of 6330481 and 178.
89
Calculate the highest common factor of 8034 and 16480.
206
Calculate the greatest common divisor of 7178 and 5846.
74
Calculate the highest common divisor of 14099 and 621.
23
What is the greatest common divisor of 58542 and 22?
22
What is the highest common factor of 720587 and 2799?
311
What is the greatest common factor of 80225 and 400?
25
Calculate the greatest common divisor of 70 and 18718.
14
What is the highest common factor of 10882027 and 13?
13
What is the highest common factor of 30465 and 55?
5
Calculate the highest common factor of 29237 and 26.
13
Calcul